*a + 5*k - 2250. List the prime factors of a.
2, 3, 5
Let s = 409 + -334. Let q = s - -304. List the prime factors of q.
379
Suppose y - 1 - 4 = -4*m, 3*m = 5*y + 21. List the prime factors of 855 - (m + 10/(-5))/(-2).
3, 5, 19
Let p(q) = q**3 - 19*q**2 + 19*q - 30. Let k be p(18). Suppose 50 = -5*a - 25. What are the prime factors of (-80)/a*(-261)/k?
2, 29
Let n = 179 - 184. What are the prime factors of 2/16*-2*(-2529 - n)?
631
Let o = 31 + -31. Suppose 3*y - 34*y + 19778 = o. What are the prime factors of y?
2, 11, 29
Let z be -38*3/6*-1. Suppose z*x = 20*x - 489. Suppose -484 = -7*l + x. List the prime factors of l.
139
Let z = -35 - -30. Let r(a) be the third derivative of -a**6/120 - a**5/60 + a**4/24 + a**3/6 - 2*a**2. What are the prime factors of r(z)?
2, 3
Let w(d) = 1377*d + 362. What are the prime factors of w(6)?
2, 7, 11
Suppose -3*d + 3*f + 114 = -57, d = -2*f + 54. Suppose -d*x + 24920 = -21*x. What are the prime factors of x?
2, 89
Let b(k) = -k - 6. Let m(t) = 6. Let c(y) = -2*b(y) - 3*m(y). Let g be c(4). Suppose -g*s + 2 + 6 = 0, -5*s + 176 = 2*l. List the prime factors of l.
2, 3, 13
Suppose j = 2 + 2. Let b be (-3)/12 + (-805)/(-20). Suppose j*w + b = -q + 246, -4*q - 8 = 0. What are the prime factors of w?
2, 13
Suppose 1 = -a + 9. Suppose 368 = -0*x - a*x. Let j = -4 - x. What are the prime factors of j?
2, 3, 7
Let z(f) = 47*f**2 + 25*f + 44. What are the prime factors of z(7)?
2, 13, 97
Let o(r) = 4*r + 32. Let x be o(-7). Suppose -h = -x*v - 168, 7*h - 2*h + 4*v = 960. Let z = h + -73. List the prime factors of z.
5, 23
Let v(r) = r**3 + 29*r**2 + 54*r + 18. Let s be v(-27). Suppose s = 4*l - 2*l. List the prime factors of (346/1)/(11 - l).
173
Let p = 2 - -4776. List the prime factors of 5/25 - p/(-10) - 3.
5, 19
Let n = 1397 - 1394. Suppose 8 = f + 5*v, 5*v + 2 = -5*f + 22. Suppose 396 = f*c + n*i - 0, 5*i - 128 = -c. What are the prime factors of c?
7, 19
Let n = -8797 + 14566. What are the prime factors of n?
3, 641
Let l = 5686 - 1008. List the prime factors of l.
2, 2339
Suppose -c + n + 8 = -5, 0 = -5*c + n + 61. Suppose 0 = -m - 3*p - c + 199, -4*m + 740 = 4*p. List the prime factors of m.
2, 23
What are the prime factors of (-11849)/((96/960)/(2/(-20)))?
17, 41
Let m(q) = q**3 - 8*q**2 + 9*q - 12. Let s be m(7). Let y be 9*(-8)/4*(-1)/s. List the prime factors of 45 - (1 - y/6)*2.
2, 23
Suppose -2284354 = -171*p + 1125899. What are the prime factors of p?
7, 11, 37
Let l(a) = 12*a**2 - 3*a + 3. Let k(j) = -48*j**2 + 13*j - 11. Let p(m) = 2*k(m) + 9*l(m). Let n = 2585 - 2583. What are the prime factors of p(n)?
3, 17
Let b(f) = 3396*f**2 - 341*f + 1015. What are the prime factors of b(3)?
2, 7639
Let y be 581/(49/(-14) - -3). Let w = 2086 + y. List the prime factors of w.
2, 3, 7, 11
Let c(k) = 8*k**2 - 7*k**2 + 3*k**2 - 24 + 8*k - 2*k**2. What are the prime factors of c(12)?
2, 3, 5
Let w(v) = v**3 - 5*v**2 + 10*v - 7. Let c be w(6). Let q = 210 - c. Suppose -3*g + 4*g = q. List the prime factors of g.
11
Let k(z) = -z**3 - 10*z**2 - 11*z + 6. Let n = -12 - -22. Suppose -n = t - 0*t. What are the prime factors of k(t)?
2, 29
Suppose 1196786 = 79*i + 18*i. List the prime factors of i.
2, 31, 199
Let z(m) = 1060*m - 2491. What are the prime factors of z(7)?
3, 31, 53
Let k = 711 - 423. Let f = -120 + k. What are the prime factors of f?
2, 3, 7
Suppose 4*y = 2*j - 0*j, -3*j + y - 10 = 0. Let z(i) = -78*i - 18. List the prime factors of z(j).
2, 3, 7
Let g(k) be the second derivative of 21/2*k**2 - 9*k + 0 - 8/3*k**3. List the prime factors of g(-5).
101
Suppose -115*v - 482760 = -2876456 - 1627509. What are the prime factors of v?
73, 479
Suppose 205*m - 206*m = -631. Let d = 1063 - m. What are the prime factors of d?
2, 3
Suppose q = -4*o + 12852, -2*o - 17445 = -3*q + 21027. What are the prime factors of q?
2, 3, 1069
Let v(o) = -154*o - 653. What are the prime factors of v(-39)?
53, 101
Let n = 0 - -4. Let d be (0 - 32)/(n/14). List the prime factors of (-2050)/(-16) - (-14)/d.
2
Let i(w) = -9*w - 31. Suppose -7 = 12*k + 41. Let y be i(k). Suppose -4*d - y*a + 713 = 0, -549 = -7*d + 4*d + a. What are the prime factors of d?
2, 7, 13
Let m(s) = s**2 - 4*s - 22. Let w be m(-4). Let p = w + 373. List the prime factors of p.
383
Suppose 2*l = 4*l + n - 41196, 2*l - n - 41196 = 0. What are the prime factors of l?
2, 3, 3433
Let o = 509 - 283. Let c = o - -15. List the prime factors of c.
241
Let m be 1/(9/(-6) + 2). Suppose -m*z + z + 1 = -3*y, 0 = -5*z + 3*y - 31. Let n(b) = -b**3 - 8*b**2 - 4*b - 28. List the prime factors of n(z).
2
Let w(m) = -10*m - 4. Let i be 2/4*(-3 - (-3 + -2)). Suppose 0 = 3*r + 4*t - 0*t - 6, -t = r - i. What are the prime factors of w(r)?
2
Let v(u) = 9*u + 291. Let g be v(-32). Let s = -2 - -5. Suppose -4*p = 12, s*p = -g*x - 0*p + 147. List the prime factors of x.
2, 13
List the prime factors of (41176/24 + 19)/(69/(-27) - -3).
3, 1301
Suppose -n + 4*r = -5*n + 76, 0 = 5*r + 20. Suppose -6*y + 20619 = n*y. List the prime factors of y.
3, 79
Let o(s) be the first derivative of 7*s**3/3 - 13*s**2/2 - 47*s - 28. List the prime factors of o(-5).
193
Suppose -3*o + s + 10466 = -604, 7380 = 2*o + 3*s. What are the prime factors of o?
2, 3, 5, 41
Let u(z) = -1327*z**3 + 23*z**2 + 43*z - 1. What are the prime factors of u(-2)?
13, 19, 43
Let w be -4 + (17 - 0) - -3. Suppose 28*g - 24*g + w = 0. List the prime factors of -292*((-45)/162 + g/18).
2, 73
Let x = 253 + 33. Suppose 5*j - 939 = x. What are the prime factors of j?
5, 7
Let i(n) = n**3 + 4*n**2 - 4*n + 5. Let k be i(-5). Suppose 3*t = -0 - k. List the prime factors of 2*(-1 + t)/2 - -27.
2, 13
Suppose -4567*s + 213383 = -4562*s - 3*q, -3*q = 3. What are the prime factors of s?
2, 47, 227
Let p be (-14)/21*(-38 - -2). Let v = p - -169. What are the prime factors of v?
193
List the prime factors of 148 + -158 + (2004 - 2*-1).
2, 499
Let m = 4215 - 4297. Let y = -132 - -303. Let i = y + m. What are the prime factors of i?
89
Suppose 0 = -2*i - 219 + 93. Let f be (-4116)/i - (-1)/(-3). Let v = f + 64. What are the prime factors of v?
3, 43
Suppose 2*t = -2*y + 19106 - 3994, -37762 = -5*t + 4*y. List the prime factors of t.
2, 3, 1259
Let u(b) = b**2 - 11*b - 490. Let h be u(32). Let k = -194 + 108. Let i = h + k. List the prime factors of i.
2, 3
Let t be 10*(2/(-3))/((-60)/18). List the prime factors of (-6205)/(-34) - 1/t.
2, 7, 13
Suppose h - 838 = 2*m + 8198, 0 = -4*m. What are the prime factors of h?
2, 3, 251
Let z be (-1 - (-4 - -7)) + 4. Suppose z = 193*r - 191*r - 746. What are the prime factors of r?
373
Suppose 12 = 4*o + d + 6, -2*o + 4*d + 12 = 0. List the prime factors of 1/o + 14*(-279)/(-12).
2, 163
Let i(c) = 7*c - 12 + 9 + 16 + c**2. List the prime factors of i(11).
211
Let j = 42 + -44. Let l(u) = -528*u - 14. List the prime factors of l(j).
2, 521
Let t = -8075 - -14651. List the prime factors of t.
2, 3, 137
Suppose 0 = -4*v + 3*r + 122569, -5*v + 75378 = -r - 77836. What are the prime factors of v?
30643
Let a = 33 + 224. Let c = a + -36. What are the prime factors of c?
13, 17
Suppose 0*z + 131 = -3*r - z, 3*r + 5*z + 115 = 0. Let y = 44 - r. What are the prime factors of y - (-1 + 6 + -4)?
2, 11
Let t be (4790/6)/(2 + 15/(-9)). Suppose 2*i + 5*v + t = -1943, 6512 = -3*i - 5*v. What are the prime factors of (-12)/(-54) + i/(-18) + 2?
3, 41
Suppose -5*p = -0*m - 4*m - 142, m + 3*p + 27 = 0. Let w = m + 53. Suppose -4*l + w = 4, -i = 5*l - 25. List the prime factors of i.
5
Suppose -4*q + 3717 = 3*w, 7*w + 1876 = 2*q + 11*w. What are the prime factors of q?
2, 3, 7, 11
Suppose 397*s + 1764 = 400*s. Suppose -5*p = -2277 - s. List the prime factors of p.
3, 191
Let b be (-8 - -5)/((-3)/2). Suppose -b*u = -71 - 223. What are the prime factors of u?
3, 7
Suppose 119*v = -39*v - 23*v + 7501002. List the prime factors of v.
2, 3, 6907
What are the prime factors of 3926560/(-3542)*14/(-4)?
2, 5, 97
Let n = -8 + 13. Let o be (-58)/(-18) + (40/(-36))/n. Suppose 2*l - o*d = 223, -l + 5*d + 0*d = -115. List the prime factors of l.
2, 5, 11
Suppose 9*g - 6360 = 7266. Let j = g - 749. List the prime factors of j.
3, 5, 17
Suppose 4*y - 34016 = 3*p, 3*y + 4*p - 25508 + 21 = 0. What are the prime factors of y?
8501
Let l = 5